44. Let c = 17 - q. Calculate the remainder when 29 is divided by c.
7
Suppose -5*s - 15 = m, -2*m + 4*s + 4 + 8 = 0. Suppose m = -c - 70 + 71. What is the remainder when 3 is divided by c?
0
Let t = 97 + -5. Suppose -5*h + t = s, -s + 82 = -0*s + 3*h. Calculate the remainder when s is divided by 14.
11
Let d(o) = -9*o. What is the remainder when 4 - 4 - 4 - 214/(-2) is divided by d(-3)?
22
Let t = -2134 + 2387. What is the remainder when t is divided by 32?
29
Let u be (-24)/(-15) - (-10)/25. Suppose 300 = u*a + 2*a. Calculate the remainder when a is divided by 20.
15
Suppose 4*i - 4*l = -4 - 44, -4*i + 5*l - 48 = 0. Let y = i + 14. Suppose n = -y*n + 60. What is the remainder when n is divided by 11?
9
Let t = 13703 + -13693. Let n = 110 + -52. Calculate the remainder when n is divided by t.
8
Let q(m) = m + 7. Let z be q(-4). Let u be z/(12/104) - 2. What is the remainder when 50 is divided by (-4)/u + 157/6?
24
Let b(w) = w**2 + 11*w - 4. Let z be (-18)/(-5) + (-12)/20. What is the remainder when 151 is divided by b(z)?
37
Suppose 4*m - 1011 = 3*f, 4*m - 1014 = 3*f - f. Suppose d + m = 4*d. Suppose -3*p = -5*l - 67, -4*l + 0*l = -16. What is the remainder when d is divided by p?
27
Suppose 0 = 5*j - 10*j + 25. Suppose -j*k - 27 = -6*k. Suppose -45 - k = -3*b. Calculate the remainder when b is divided by 13.
11
Let o(g) = 79*g**3 - 2*g**2 + 1. Let a be o(1). Calculate the remainder when (16/10)/((-2)/(-40)) is divided by ((-44)/(-6))/(a/(-18) - -5).
10
Suppose 918 = 11*j - 138. Calculate the remainder when j is divided by 38.
20
Let m(l) = 3*l + 5. Let w = -13 + 18. Calculate the remainder when w is divided by m(-1).
1
Let n = 2644 - 2618. Let w(i) = -i**3 + 4*i**2 + 2*i - 1. What is the remainder when n is divided by w(4)?
5
Suppose 4*i - r = 44, 5*i - 2*r - 31 - 21 = 0. What is the remainder when 66 is divided by i?
6
Suppose -4*z + 418 = 22. Suppose -26 - z = -5*p. Calculate the remainder when 124 is divided by p.
24
Suppose 3*i - 27 = 4*h + 147, -5*i + 267 = h. Suppose -4*s + 60 = 2*z, -13*s - 90 = -3*z - 14*s. Calculate the remainder when i is divided by z.
24
Let g = 11 + 1. Suppose 0 = u - g - 3. Let q = -65 + 92. Calculate the remainder when q is divided by u.
12
Let m be ((138 - (5 + -1)) + 0)*11. Suppose -3*c = 8*c - m. What is the remainder when c is divided by 17?
15
Suppose 719*t = 727*t - 2424. What is the remainder when t is divided by 17?
14
Suppose -s - 3*v - 4 = 2*v, -38 = -4*s - 2*v. Let f = s - -18. What is the remainder when f is divided by 10?
9
Calculate the remainder when 4 - (-7)/(49/2261) is divided by 15.
12
Suppose 16*b + 26 = 18*b. Let h(o) = 5*o + 6. Calculate the remainder when h(6) is divided by b.
10
Suppose -324 + 6 = -6*i. What is the remainder when 150 is divided by i?
44
Let a = 32 + -32. Suppose 4*i - 3*g - 83 = 45, a = -3*g - 12. Let l = i - 19. What is the remainder when 18 is divided by l?
8
Suppose 2*k = 6*k - 20. Suppose 2 = -2*i, 5*i = -k*j - 51 - 99. Let a = j - -84. What is the remainder when a is divided by 19?
17
Let d = -27 - -46. Let n = -103 - -77. Let m = 9 - n. Calculate the remainder when m is divided by d.
16
Let g = 43 + -8. Suppose -3*t + 262 = -o - 43, -2*t = -5*o - 199. What is the remainder when t is divided by g?
32
What is the remainder when 164 is divided by (12 - 10)/(1/17)?
28
Suppose 390*y = 403*y - 3887. Calculate the remainder when y is divided by 30.
29
Calculate the remainder when 717 is divided by (-8)/60 + ((-647)/(-15) - -2).
42
Let d = 838 - 779. Calculate the remainder when 190 is divided by d.
13
What is the remainder when ((-172)/(-215))/(((-2)/435)/(-1)) is divided by 35?
34
Let r(g) = g**2 + 19*g - 31. Calculate the remainder when 61 is divided by r(-21).
6
Suppose 5*o = 4*l - 161, 2*l + 3*l - 196 = o. Suppose 3*b + 39 = 5*k, k + 4*k + 3*b = 21. What is the remainder when l is divided by 3/k*(1 - -27)?
11
Let q be ((-72)/(-2))/(0 - -1). Let i be (-384)/(-10) + 11/((-495)/(-27)). Suppose i + q = 3*t. Calculate the remainder when 97 is divided by t.
22
Suppose -18*c = -26*c - 80. What is the remainder when 126 is divided by (c + 7 - -1*14)*3?
27
Let q = -21 - -52. Suppose -4*v - f + q = 0, -4*f + 2*f + 26 = 4*v. Let u(i) = -i**2 + 11*i + 4. What is the remainder when v is divided by u(11)?
1
Let p = 1 - 13. Let w(b) = 15*b**2 + 41*b - 32. Let x(i) = 7*i**2 + 20*i - 16. Let m(j) = 6*w(j) - 13*x(j). Calculate the remainder when m(p) is divided by 7.
5
Calculate the remainder when -6 - -2 - -4 - (-142)/2 is divided by 12.
11
Suppose 4*y + 24*l - 1696 = 29*l, 2*y + l = 834. Calculate the remainder when y is divided by 42.
41
Suppose -4 = 4*v, -5*v = -0*z - 2*z + 13. Suppose -3*b = -4*p + z - 0, 2*p = -5*b + 2. Let t = p - -5. What is the remainder when 21 is divided by t?
3
Suppose -11*g = -2*g - 297. Suppose 5*d - 733 = 247. Calculate the remainder when d is divided by g.
31
Let w = 165 - 136. Let v = 28 + -17. Calculate the remainder when w is divided by v.
7
Suppose 22*a = 19*a + 228. Calculate the remainder when a is divided by 20.
16
Suppose 0 = 2*n - 2*u - 130, 4*u - 10 - 30 = -n. Suppose 12 = -3*m + n. Suppose -p + m = 3. What is the remainder when p is divided by 7?
6
Let c(u) = -5*u - 29. Let n be c(-15). Let x = n - 33. What is the remainder when x is divided by ((-40)/12)/(2/(-3))?
3
Suppose 3*m + 25 = -2*m, m + 75 = 2*t. What is the remainder when t is divided by 10?
5
Let w(d) = d**3 - 4*d**2 - 5*d. Let f be w(5). Suppose f*j = 3*j - 72. What is the remainder when j is divided by (((-10)/3)/(8/(-12)))/1?
4
Calculate the remainder when 30 is divided by 896/(-42)*(-9)/12.
14
Let z(s) = -2*s**3 + 311*s - 15*s**2 - 2 + 3*s**3 - 296*s - 4. Suppose -y - 84 = -4*y. Calculate the remainder when y is divided by z(14).
4
Suppose 35 + 22 = 3*s. Suppose -m + c - 1 - 2 = 0, 2*m + 6 = 3*c. What is the remainder when s is divided by m*35/(-15) + 3?
9
Let w(s) = -s**2 + 27*s + 21. What is the remainder when 123 is divided by w(27)?
18
Suppose 0 = 2*n - 0*n + 2*s - 26, 5*n = -3*s + 57. Suppose 7 = n*r - 2*r. Suppose 2*d = 1 + 3. What is the remainder when d is divided by r?
0
What is the remainder when 497 is divided by (-105)/(-42) - (-278)/4?
65
Let v(s) = s**3 + 9*s**2 - 8*s + 31. What is the remainder when 34 is divided by v(-10)?
1
Let f = -4962 - -8529. Calculate the remainder when f is divided by 17.
14
Let y(z) = 2*z**2 + 155*z - 558. What is the remainder when 105 is divided by y(-81)?
6
Suppose -44 = -3*u + 19. Let d = 12 - -7. Let h = d - 11. What is the remainder when u is divided by h?
5
Suppose -4*o + 271 = -109. Calculate the remainder when o is divided by 30.
5
Suppose 0 = s - 4, -171 + 623 = 2*d + 2*s. Calculate the remainder when d is divided by 46.
38
Let q(s) = -s**3 + 4*s**2 + 32*s + 24. What is the remainder when 64 is divided by q(8)?
16
Let t = -1200 + 1211. What is the remainder when 559 is divided by t?
9
Suppose 4*n = -3*s + 258, 6*n - 3*s = 2*n + 246. What is the remainder when n is divided by 32?
31
Suppose 4*z = -5*a + 118, -5*z - 8*a = -11*a - 166. What is the remainder when 204 is divided by z?
12
Let f(a) = -5*a**3 - a**2 - 4*a + 7. Let l be f(-3). Suppose -l = -19*c + 18*c. Calculate the remainder when c is divided by 49.
47
Suppose -3*o + 862 = 2*a, -4*a + 1445 = 5*o - 9*a. Calculate the remainder when o is divided by 29.
27
Suppose -3*c = -6*c - 264. Let p be (-33)/c - (-13)/8. Suppose p*r - 184 = 8. Calculate the remainder when r is divided by 33.
30
Suppose -4*n - 16 = -0*n. Let s = -14 - -43. What is the remainder when s is divided by (21 - n)*(-6)/(-15)?
9
Suppose -4*x = -5*x + 17. Let b = -4 - -20. Suppose 3*u + b = 157. What is the remainder when u is divided by x?
13
Calculate the remainder when (-174489)/(-189) + (-8)/36 is divided by 21.
20
Calculate the remainder when 387 is divided by 29 + 0 + 1 + (-148)/37.
23
Suppose -5*m + 2*u + 958 = 0, -3*m + 2*u + 277 = -301. What is the remainder when m is divided by 72?
46
Suppose -1883*o = -1893*o + 590. What is the remainder when 108 is divided by o?
49
What is the remainder when 66 is divided by ((-3)/(-9))/(64/9408)?
17
Let n(w) = w**2 - 5*w + 3. Let c be n(3). Let g be (-1)/c + (-476)/(-21). Suppose 0 = 4*d - 29 - g. What is the remainder when 64 is divided by d?
12
Suppose -